{"id":1220,"date":"2011-02-24T20:04:05","date_gmt":"2011-02-24T19:04:05","guid":{"rendered":"http:\/\/www.fotonavia.net\/?page_id=1220"},"modified":"2013-12-15T15:23:36","modified_gmt":"2013-12-15T14:23:36","slug":"entrevistas-2","status":"publish","type":"page","link":"https:\/\/www.fotonavia.com\/?page_id=1220","title":{"rendered":"Entrevistas"},"content":{"rendered":"<h3 style=\"text-align: center;\">Las entrevistas de Fotonavia<\/h3>\n<p>En esta secci\u00f3n, trataremos de conocer un poco mejor a algunos de nuestros foreros mas destacados.<\/p>\n<p>Desde Fotonavia, periodicamente,\u00a0os traeremos\u00a0unas entrevistas que no solo reflejen la forma de ver y vivir la fotograf\u00eda de\u00a0nuestros compa\u00f1eros, trataremos tambi\u00e9n de que nos muestren su lado mas humano.<\/p>\n<p>Cada entrevistado tendr\u00e1 tambi\u00e9n una peque\u00f1a galer\u00eda en nuestra p\u00e1gina, estamos seguros de que esta ser\u00e1 una de las secciones que ganar\u00e1 mas adeptos entre los ya muchos seguidores de nuestra web.<\/p>\n<p>Agradecemos una vez mas a todos los que de una forma u otra colabor\u00e1is para mantener viva a <strong>FOTONAVIA<\/strong>.<\/p>\n<address style=\"text-align: center;\"><span style=\"text-decoration: underline;\">Listado de entrevistas<\/span><\/address>\n<address style=\"text-align: center;\">\u00a0<\/address>\n<p style=\"text-align: center;\"><strong>\u00a0Julio L\u00f3pez Morata<\/strong><img loading=\"lazy\" decoding=\"async\" class=\"size-thumbnail wp-image-1155 aligncenter\" title=\"JulioLM\" src=\"https:\/\/www.fotonavia.com\/wp-content\/uploads\/2011\/02\/DSC_1203-125x125.jpg\" alt=\"\" width=\"125\" height=\"125\" \/><a href=\"https:\/\/www.fotonavia.com\/?page_id=1123\" target=\"_self\">ENTREVISTA<\/a>\u00a0\u00a0 <a href=\"https:\/\/www.fotonavia.com\/?page_id=1179\" target=\"_self\">GALER\u00cdA<\/a><\/p>\n<p style=\"text-align: center;\"><strong>Hugo P\u00e9rez Berm\u00fadez<\/strong><img loading=\"lazy\" decoding=\"async\" class=\"size-thumbnail wp-image-1396 aligncenter\" title=\"Rupeltinsky\" src=\"https:\/\/www.fotonavia.com\/wp-content\/uploads\/2011\/04\/IconoHugo.jpg\" alt=\"\" width=\"125\" height=\"125\" \/><a href=\"https:\/\/www.fotonavia.com\/?page_id=1370\" target=\"_self\">ENTREVISTA<\/a>\u00a0\u00a0\u00a0\u00a0<a href=\"https:\/\/www.fotonavia.com\/?page_id=1392\" target=\"_self\">GALER\u00cdA<\/a><\/p>\n<p style=\"text-align: center;\"><strong>Mikelino<\/strong><img loading=\"lazy\" decoding=\"async\" class=\"size-full wp-image-2221 aligncenter\" title=\"Mikelino\" src=\"https:\/\/www.fotonavia.com\/wp-content\/uploads\/2011\/02\/Icono.jpg\" alt=\"\" width=\"125\" height=\"125\" \/><a href=\"https:\/\/www.fotonavia.com\/?page_id=2198\" target=\"_self\">ENTREVISTA<\/a>\u00a0\u00a0\u00a0 <a href=\"https:\/\/www.fotonavia.com\/?page_id=2213\">GALER\u00cdA<\/a><\/p>\n","protected":false},"excerpt":{"rendered":"<p>Las entrevistas de Fotonavia En esta secci\u00f3n, trataremos de conocer un poco mejor a algunos de nuestros foreros mas destacados. Desde Fotonavia, periodicamente,\u00a0os traeremos\u00a0unas entrevistas que no solo reflejen la forma de ver y vivir la fotograf\u00eda de\u00a0nuestros compa\u00f1eros, trataremos tambi\u00e9n de que nos muestren su lado mas humano. Cada entrevistado tendr\u00e1 tambi\u00e9n una peque\u00f1a [&hellip;]<\/p>\n","protected":false},"author":1,"featured_media":0,"parent":0,"menu_order":0,"comment_status":"closed","ping_status":"closed","template":"","meta":{"footnotes":""},"class_list":["post-1220","page","type-page","status-publish","hentry"],"_links":{"self":[{"href":"https:\/\/www.fotonavia.com\/index.php?rest_route=\/wp\/v2\/pages\/1220","targetHints":{"allow":["GET"]}}],"collection":[{"href":"https:\/\/www.fotonavia.com\/index.php?rest_route=\/wp\/v2\/pages"}],"about":[{"href":"https:\/\/www.fotonavia.com\/index.php?rest_route=\/wp\/v2\/types\/page"}],"author":[{"embeddable":true,"href":"https:\/\/www.fotonavia.com\/index.php?rest_route=\/wp\/v2\/users\/1"}],"replies":[{"embeddable":true,"href":"https:\/\/www.fotonavia.com\/index.php?rest_route=%2Fwp%2Fv2%2Fcomments&post=1220"}],"version-history":[{"count":9,"href":"https:\/\/www.fotonavia.com\/index.php?rest_route=\/wp\/v2\/pages\/1220\/revisions"}],"predecessor-version":[{"id":2267,"href":"https:\/\/www.fotonavia.com\/index.php?rest_route=\/wp\/v2\/pages\/1220\/revisions\/2267"}],"wp:attachment":[{"href":"https:\/\/www.fotonavia.com\/index.php?rest_route=%2Fwp%2Fv2%2Fmedia&parent=1220"}],"curies":[{"name":"wp","href":"https:\/\/api.w.org\/{rel}","templated":true}]}}

<h3 style="text-align: center;">Las entrevistas de Fotonavia</h3>
<p>En esta sección, trataremos de conocer un poco mejor a algunos de nuestros foreros mas destacados.</p>
<p>Desde Fotonavia, periodicamente, os traeremos unas entrevistas que no solo reflejen la forma de ver y vivir la fotografía de nuestros compañeros, trataremos también de que nos muestren su lado mas humano.</p>
<p>Cada entrevistado tendrá también una pequeña galería en nuestra página, estamos seguros de que esta será una de las secciones que ganará mas adeptos entre los ya muchos seguidores de nuestra web.</p>
<p>Agradecemos una vez mas a todos los que de una forma u otra colaboráis para mantener viva a <strong>FOTONAVIA</strong>.</p>
<address style="text-align: center;"><span style="text-decoration: underline;">Listado de entrevistas</span></address>
<address style="text-align: center;"> </address>
<p style="text-align: center;"><strong> Julio López Morata</strong><img loading="lazy" decoding="async" class="size-thumbnail wp-image-1155 aligncenter" title="JulioLM" src="https://www.fotonavia.com/wp-content/uploads/2011/02/DSC_1203-125x125.jpg" alt="" width="125" height="125" /><a href="https://www.fotonavia.com/?page_id=1123" target="_self">ENTREVISTA</a>   <a href="https://www.fotonavia.com/?page_id=1179" target="_self">GALERÍA</a></p>
<p style="text-align: center;"><strong>Hugo Pérez Bermúdez</strong><img loading="lazy" decoding="async" class="size-thumbnail wp-image-1396 aligncenter" title="Rupeltinsky" src="https://www.fotonavia.com/wp-content/uploads/2011/04/IconoHugo.jpg" alt="" width="125" height="125" /><a href="https://www.fotonavia.com/?page_id=1370" target="_self">ENTREVISTA</a>    <a href="https://www.fotonavia.com/?page_id=1392" target="_self">GALERÍA</a></p>
<p style="text-align: center;"><strong>Mikelino</strong><img loading="lazy" decoding="async" class="size-full wp-image-2221 aligncenter" title="Mikelino" src="https://www.fotonavia.com/wp-content/uploads/2011/02/Icono.jpg" alt="" width="125" height="125" /><a href="https://www.fotonavia.com/?page_id=2198" target="_self">ENTREVISTA</a>    <a href="https://www.fotonavia.com/?page_id=2213">GALERÍA</a></p>

<p>Las entrevistas de Fotonavia En esta sección, trataremos de conocer un poco mejor a algunos de nuestros foreros mas destacados. Desde Fotonavia, periodicamente, os traeremos unas entrevistas que no solo reflejen la forma de ver y vivir la fotografía de nuestros compañeros, trataremos también de que nos muestren su lado mas humano. Cada entrevistado tendrá también una pequeña [&hellip;]</p>
