{"id":1573,"date":"2011-06-14T14:58:28","date_gmt":"2011-06-14T13:58:28","guid":{"rendered":"http:\/\/www.fotonavia.net\/?page_id=1573"},"modified":"2013-12-15T15:08:03","modified_gmt":"2013-12-15T14:08:03","slug":"tutorial-sobre-efecto-seda-y-fotografia-de-agua","status":"publish","type":"page","link":"https:\/\/www.fotonavia.com\/?page_id=1573","title":{"rendered":"Tutorial sobre efecto seda y fotograf\u00eda de agua"},"content":{"rendered":"<h1 style=\"text-align: center;\"><a href=\"https:\/\/www.fotonavia.com\/wp-content\/uploads\/2010\/08\/Una-noche-en-Silencio.jpg\"><\/a>Trucos y Tutoriales<\/h1>\n<h6 style=\"text-align: center;\">T\u00c9CNICAS FOTOGR\u00c1FICAS<\/h6>\n<h3 style=\"text-align: center;\">TUTORIAL SOBRE EL EFECTO SEDA Y FOTOGRAF\u00cdA DE AGUA<\/h3>\n<p style=\"text-align: center;\">\u00a0<\/p>\n<p style=\"text-align: left;\"><strong><em>\u00a0Nuestro compa\u00f1ero \u00ab<\/em><\/strong><a href=\"http:\/\/ofillodopanadeiro.wordpress.com\/\" target=\"_blank\"><strong><em>Hackenbush<\/em><\/strong><\/a><strong><em>\u00bb (<\/em><\/strong><a href=\"http:\/\/ofillodopanadeiro.wordpress.com\/\" target=\"_blank\"><strong><em>Juan<\/em><\/strong><\/a><strong><em>) nos envia este trabajo sobre el \u00abefecto seda\u00bb del agua y otras consideraciones sobre esta interesante y atractiva t\u00e9cnica fotogr\u00e1fica, una faceta que cuenta con muchos adeptos y que con los consejos de Juan podremos\u00a0 mejorar&#8230; eso s\u00ed como siempre&#8230; PRACTICANDO!!<\/em><\/strong><\/p>\n<p style=\"text-align: left;\">\u00a0<\/p>\n<p style=\"text-align: left;\">En primer lugar diferenciar dos clases de fotograf\u00edas de agua en movimiento, incluso dir\u00eda que hay tres clases.<\/p>\n<p style=\"text-align: left;\">La primera ser\u00eda la fotograf\u00eda de una catarata, donde casi siempre fotografiamos el motivo como podemos, dado el espacio que pueda existir, y esta foto tiene fuerza por s\u00ed misma. La segunda ser\u00eda la de un tramo cualquiera de r\u00edo, esta si tiene quiz\u00e1s m\u00e1s cosas que ver. Y la tercera que es la fotograf\u00eda del mar, b\u00e1sicamente igual a la de r\u00edo, pero si tiene varias caracter\u00edsticas especiales.<\/p>\n<p style=\"text-align: left;\">Para todas las fotograf\u00edas en r\u00edos es importante escoger la \u00e9poca del a\u00f1o, aunque esto es cosa de gustos personales, yo prefiero con mucha diferencia esta de Junio, el final de la primavera, cuando a\u00fan los r\u00edos tienen caudal abundante y los \u00e1rboles est\u00e1n en plenitud, pero sin estar las hojas a\u00fan muy opacas como est\u00e1n en verano, en esta \u00e9poca dejan pasar la luz a trav\u00e9s de ellas y crean una atm\u00f3sfera id\u00edlica a mi entender. Tenemos despu\u00e9s el oto\u00f1o con sus colores ocres tambi\u00e9n muy atractivos, y el invierno donde llevan mucha agua los r\u00edos, pero encuentro esas fotos muy desangeladas con los \u00e1rboles sin hoja alguna, aunque s\u00ed que se prestan a fotograf\u00edas en blanco y negro o sepia muy resultonas. Por \u00faltimo en el verano los r\u00edos traen mucha menos agua, y la hojas est\u00e1n muy opacas.<\/p>\n<p style=\"text-align: left;\">En cuanto a la luz lo ideal es que exista el m\u00ednimo contraste de luces y sombras, por lo que normalmente es mejor evitar los d\u00edas despejados o buscar una orientaci\u00f3n del sol adecuada. Pero a la vez tiene que haber mucha luz porque si no no conseguiremos esos colores saturados, por lo que tampoco valen mucho los d\u00edas gris plomizo, lo ideal ser\u00edan estos d\u00edas con nubes de evoluci\u00f3n en los cuales se producen una luz difusa y estable.<\/p>\n<p style=\"text-align: left;\">Una vez que nos plantamos en un r\u00edo con la luz ideal hay que conseguir el efecto seda, este se produce con exposiciones cercanas al segundo y mayores, las podemos conseguir de dos maneras, cerrando el diafragma lo m\u00e1ximo posible o mediante filtros de Densidad Neutra, filtros <strong>ND<\/strong>, que lo que hacen es bloquear el paso de la luz sin modificar el color, los hay de varios \u201cpasos de diafragmas\u201d, poniendo unos u otros, o combin\u00e1ndolos, seg\u00fan las circunstancias, como veremos m\u00e1s adelante. Recordamos que se llama paso de diafragma a los que aparec\u00edan en los objetivos antiguos, ahora existen pasos intermedios, <strong>f\/1<\/strong>, <strong>f\/1.4<\/strong>, <strong>f\/2<\/strong>, <strong>f\/2.8<\/strong>, etc. cada uno de estos pasos estaba calculado para que entrase exactamente la mitad de luz que en el anterior, lo que por tanto provoca que con cada paso que cerramos tenemos que usar el doble de tiempo de exposici\u00f3n para conseguir una exposici\u00f3n correcta. Este es el principio del efecto seda, conseguir grandes tiempos de exposici\u00f3n al regular la luz que incide en el sensor.<\/p>\n<p style=\"text-align: left;\">Una vez que llegamos aqu\u00ed, cual es la velocidad ideal para conseguir el efecto, pues siempre seg\u00fan mi opini\u00f3n o entre <strong>cerca de 1 Segundo<\/strong> a <strong>3 Segundos<\/strong> o <strong>m\u00e1s de 15 Segundos<\/strong>, las velocidades de entre <strong>3<\/strong> y <strong>15 Segundos<\/strong> no producen im\u00e1genes atractivas.<\/p>\n<p style=\"text-align: left;\">Otra cosa quiz\u00e1s obvia, es que tenemos que utilizar tr\u00edpode, porque no hay pulso que aguante esos tiempos, y un mando para hacer fotos en modo <strong>Bulb<\/strong> si queremos superar los <strong>30 segundos<\/strong>. A este respecto, como ya no mide el expos\u00edmetro, tendremos que utilizar tablas de equivalencia para hallar la exposici\u00f3n correcta, seg\u00fan la medici\u00f3n del expos\u00edmetro que previamente realizamos sin filtro, con diafragmas m\u00e1s abiertos, o con <strong>ISOS<\/strong> m\u00e1s altos. Estas est\u00e1n en la p\u00e1gina de Fotonavia <a href=\"https:\/\/www.fotonavia.com\/\">https:\/\/www.fotonavia.com\/<\/a> y en mi Blog <a href=\"http:\/\/ofillodopanadeiro.wordpress.com\/\">http:\/\/ofillodopanadeiro.wordpress.com\/<\/a> tambi\u00e9n existen programas para el <strong>iphone<\/strong> o los <strong>Android<\/strong>, extremadamente \u00fatiles yo uso este para Android que va de perlas, adem\u00e1s de calculadora para exposici\u00f3n calcula la hiperfocal y la profundidad de campo.<\/p>\n<p style=\"text-align: left;\"><a href=\"https:\/\/market.android.com\/details?id=phoforpho.site.com.google.sites&amp;feature=search_result\">https:\/\/market.android.com\/details?id=phoforpho.site.com.google.sites&amp;feature=search_result<\/a> .<\/p>\n<p style=\"text-align: left;\">Por \u00faltimo hablar espec\u00edficamente de los filtros de Densidad Neutra o <strong>ND<\/strong>, existe un tutorial en Fotonavia expresamente referido a estos, pero con el af\u00e1n de condensar toda la informaci\u00f3n sobre este tema daremos cuatro pinceladas. Lo bueno de los filtros <strong>ND<\/strong> es que nos permiten sacar todo el partido posible a nuestros objetivos, al poder conseguir largas exposiciones sin tocarle al diafragma podremos hacer uso de los diafragmas con mayor nitidez del objetivo, normalmente 2 pasos arriba de la apertura m\u00e1xima, sin problema, o jugar con la profundidad de campo con total libertad.\u00a0 Y qu\u00e9 filtros comprarse, primero de todo tienen que ser filtros buenos, <strong>Hoya<\/strong>, <strong>B&amp;W<\/strong> o <strong>Singh-Ray<\/strong>, porque los filtros malos producen dominantes de color, y es mejor esperar y comprarse uno bueno que gastarse los dineros en uno que no podremos utilizar. En cuanto al n\u00famero de pasos de luz que absorben, los hay de <strong>2, 4, 8, 10 pasos<\/strong>, e incluso superiores, si vamos a utilizar la m\u00e1xima nitidez de los objetivos tiraremos a <strong>f\/5.6<\/strong> o <strong>f\/8<\/strong> por lo que uno de <strong>4 pasos<\/strong>, los <strong>Hoya ND8<\/strong>, por ejemplo, se nos quedar\u00e1 corto en much\u00edsimas ocasiones teniendo que recurrir a diafragmas muy altos. Para m\u00ed el ideal es el de <strong>10 pasos<\/strong>, el <strong>1000X de B&amp;W<\/strong> o el de <strong>8 pasos<\/strong>, el <strong>Hoya 400X<\/strong>, el variable de <strong>Singh-Ray<\/strong> es ya un sue\u00f1o sibar\u00edtico. Otro detalle a tener en cuenta es que los filtros <strong>ND<\/strong> se pueden poner unos sobre otros sum\u00e1ndose los pasos de luz que atrapan, si bien cuanto m\u00e1s cristal m\u00e1s se resienten los colores.<\/p>\n<p style=\"text-align: left;\">Una vez vistas estas generalidades vamos a analizar cada tipo de foto pormenorizadamente.<\/p>\n<p style=\"text-align: left;\"><strong>En las fotograf\u00edas de cataratas<\/strong>. El elemento a fotografiar es claro, el salto de agua, y yo normalmente lo fotograf\u00edo llenando el encuadre o incluyendo algo atractivo que pudiera haber en las cercan\u00edas. Podemos utilizar una velocidad de entre el segundo y los 3 segundos porque esta velocidad nos permite que resalte cada piedra, grieta, saliente o irregularidad de la roca de abajo. Con una largu\u00edsima exposici\u00f3n el efecto es completamente diferente, que no necesariamente menos bonito.\u00a0<\/p>\n<p style=\"text-align: left;\"><img decoding=\"async\" src=\"https:\/\/www.fotonavia.com\/wp-content\/uploads\/2011\/06\/image0011.jpg\" alt=\"Fotos de Hackenbush\" \/><img decoding=\"async\" src=\"https:\/\/www.fotonavia.com\/wp-content\/uploads\/2011\/06\/image0031.jpg\" alt=\"Fotos de Hackenbush\" \/><\/p>\n<p style=\"text-align: left;\">Otra cosa a tener en cuenta es que seg\u00fan se mueve el agua se mueve el resto de las cosas, incluidas las ramas de los \u00e1rboles, y en las cataratas normalmente existe brisa porque la produce el mismo salto de agua, por lo que en exposiciones largu\u00edsimas puede salir un peque\u00f1o churro, haciendo que la foto parezca movida, o no, tambi\u00e9n puede hacer un efecto bonito.<\/p>\n<p style=\"text-align: left;\"><img decoding=\"async\" src=\"https:\/\/www.fotonavia.com\/wp-content\/uploads\/2011\/06\/image0051.jpg\" alt=\"Fotos de Hackenbush\" \/><img decoding=\"async\" src=\"https:\/\/www.fotonavia.com\/wp-content\/uploads\/2011\/06\/image0071.jpg\" alt=\"Fotos de Hackenbush\" \/><\/p>\n<p style=\"text-align: left;\"><strong>En las fotograf\u00edas del segundo tipo que vimos<\/strong>. Las normales de r\u00edos, a m\u00ed lo que me atrae es la contraposici\u00f3n entre el fluido y lo est\u00e1tico, por lo que intento resaltar esta diferencia. Para ello procuro fotografiar tramos en los que haya r\u00e1pidos y a poder ser elementos est\u00e1ticos en medio del r\u00edo.<\/p>\n<p style=\"text-align: left;\">En esta clase de fotos predominar\u00e1n los grandes angulares, evitando casi siempre los cielos, si no son azules, porque saldr\u00e1n quemados casi siempre. En cuanto a composici\u00f3n, yo tengo en cuenta la regla de los tercios, tanto para la l\u00ednea de agua que sit\u00fao casi siempre en el tercio superior, como las intersecciones, los puntos de inter\u00e9s, que coloco sobre algo diferente, si lo hay, y despu\u00e9s muy importante tambi\u00e9n la utilizo en cuanto a la proporci\u00f3n de agua dentro de la foto. Aqu\u00ed siempre m\u00e1s o menos claro, pero procuro que exista un tercio de agua en dos de tierra o un tercio de tierra en dos de agua, creo que es la manera de que salga resultona una foto.<\/p>\n<p style=\"text-align: left;\"><img decoding=\"async\" src=\"https:\/\/www.fotonavia.com\/wp-content\/uploads\/2011\/06\/image0091.jpg\" alt=\"Fotos de Hackenbush\" \/><img decoding=\"async\" src=\"https:\/\/www.fotonavia.com\/wp-content\/uploads\/2011\/06\/image0111.jpg\" alt=\"Fotos de Hackenbush\" \/><\/p>\n<p>Aqu\u00ed s\u00ed que procuro utilizar largu\u00edsimas exposiciones, la de arriba son <strong>2 minutos<\/strong> y la de abajo <strong>30 segundos<\/strong>, porque crean un ambiente irreal y casi m\u00e1gico que a m\u00ed personalmente me atrae much\u00edsimo. Es tambi\u00e9n interesante conseguir un correcto balance de blancos <em>in situ<\/em>, ya que con el autom\u00e1tico de la c\u00e1mara o a oj\u00edmetro en Photoshop puede no salir correcto del todo.<\/p>\n<p>Otra consideraci\u00f3n es que resulta muy atractivo que el agua fluya a ambos lados de la fotograf\u00eda, que el tr\u00edpode est\u00e9 metido dentro del agua, a poder ser, y en una posici\u00f3n no muy alta, lo que junto con el uso de grandes angulares aumenta la subjetividad de la fotograf\u00eda, la sensaci\u00f3n de estar dentro de la misma, en fotograf\u00eda de paisaje considero que es cosa muy importante que el que est\u00e9 viendo la fotograf\u00eda se sienta en cierto modo transportado al paisaje que fotografiamos.<\/p>\n<p style=\"text-align: left;\">De la misma manera que es normalmente mejor hacer las fotos con el agua viniendo hacia nosotros que y\u00e9ndose, aparte de que nos sintamos m\u00e1s c\u00f3modos cuando algo viene hacia nosotros que cuando algo se va, o de la analog\u00eda que normalmente se hace entre los r\u00edos y la propia vida, la misma geograf\u00eda ayudar\u00e1 a la fotograf\u00eda al estar la tierra inclinada hacia nosotros, ocupando mas campo el agua sin tener que dar mucha altura al tr\u00edpode.<\/p>\n<p style=\"text-align: left;\"><img decoding=\"async\" src=\"https:\/\/www.fotonavia.com\/wp-content\/uploads\/2011\/06\/image0131.jpg\" alt=\"Fotos de Hackenbush\" \/><img decoding=\"async\" src=\"https:\/\/www.fotonavia.com\/wp-content\/uploads\/2011\/06\/image0151.jpg\" alt=\"Fotos de Hackenbush\" \/><\/p>\n<p style=\"text-align: left;\">Por \u00faltimo hablaremos de las fotograf\u00edas mar\u00edtimas. Y aqu\u00ed tambi\u00e9n existen varios tipos, y se buscar\u00e1 de nuevo la contraposici\u00f3n de los est\u00e1tico y lo fluido, existen tambi\u00e9n varios tipos, la t\u00edpica de costa donde lo \u00fanico que buscamos es una visi\u00f3n diferente de algo mil veces fotografiado.<\/p>\n<p style=\"text-align: left;\"><img decoding=\"async\" src=\"https:\/\/www.fotonavia.com\/wp-content\/uploads\/2011\/06\/image0171.jpg\" alt=\"Fotos de Hackenbush\" \/><\/p>\n<p style=\"text-align: center;\">Otras con rocas ba\u00f1adas por el oleaje buscando un efecto similar al de las rocas en medio de la corriente de un r\u00edo, unido al movimiento de las nubes en el cielo.<\/p>\n<p style=\"text-align: center;\"><img decoding=\"async\" class=\"aligncenter\" src=\"https:\/\/www.fotonavia.com\/wp-content\/uploads\/2011\/06\/image0191.jpg\" alt=\"Fotos de Hackenbush\" \/><\/p>\n<p style=\"text-align: left;\">O fotograf\u00edas extremas de varios minutos de exposici\u00f3n, donde el mar se desdibuja totalmente pareci\u00e9ndose a una niebla con alg\u00fan elemento en medio peque\u00f1ito y desamparado, en blanco y negro, fotograf\u00edas muy minimalistas con una perturbadora belleza.\u00a0 Como las fotos que hace esta chica. <a href=\"http:\/\/www.flickr.com\/photos\/mariastromvik\/\">http:\/\/www.flickr.com\/photos\/mariastromvik\/<\/a><\/p>\n<p style=\"text-align: left;\">La t\u00e9cnica es exactamente igual lo que var\u00eda es la composici\u00f3n y el lenguaje, primar\u00e1n los grandes angulares extremos y la ausencia de color, los amaneceres, etc.<\/p>\n<p style=\"text-align: left;\">Por \u00faltimo en cuanto a la edici\u00f3n con Photoshop, solamente decir que si queremos contraponer los est\u00e1tico a lo fluido, como dijimos, no estar\u00eda de m\u00e1s resaltar lo est\u00e1tico con m\u00e1scaras de enfoque y los fluido eliminando ruido. Adem\u00e1s como casi nunca podremos conseguir naturalmente una iluminaci\u00f3n uniforme, y tampoco vamos subir a los r\u00edos con un juego de flashes, tambi\u00e9n podemos levantar un poquit\u00edn las sombras revelando por zonas en Photoshop.<\/p>\n<p style=\"text-align: left;\">Y nada m\u00e1s espero que os sea de alguna ayuda y solo desearos buena caza.<\/p>\n<div style=\"text-align: center;\"><strong><a href=\"https:\/\/www.fotonavia.com\/?page_id=95\" target=\"_self\">VOLVER A TRUCOS Y TUTORIALES<\/a><\/strong><\/div>\n","protected":false},"excerpt":{"rendered":"<p>Trucos y Tutoriales T\u00c9CNICAS FOTOGR\u00c1FICAS TUTORIAL SOBRE EL EFECTO SEDA Y FOTOGRAF\u00cdA DE AGUA \u00a0 \u00a0Nuestro compa\u00f1ero \u00abHackenbush\u00bb (Juan) nos envia este trabajo sobre el \u00abefecto seda\u00bb del agua y otras consideraciones sobre esta interesante y atractiva t\u00e9cnica fotogr\u00e1fica, una faceta que cuenta con muchos adeptos y que con los consejos de Juan podremos\u00a0 mejorar&#8230; [&hellip;]<\/p>\n","protected":false},"author":1,"featured_media":0,"parent":95,"menu_order":0,"comment_status":"open","ping_status":"closed","template":"","meta":{"footnotes":""},"class_list":["post-1573","page","type-page","status-publish","hentry"],"_links":{"self":[{"href":"https:\/\/www.fotonavia.com\/index.php?rest_route=\/wp\/v2\/pages\/1573","targetHints":{"allow":["GET"]}}],"collection":[{"href":"https:\/\/www.fotonavia.com\/index.php?rest_route=\/wp\/v2\/pages"}],"about":[{"href":"https:\/\/www.fotonavia.com\/index.php?rest_route=\/wp\/v2\/types\/page"}],"author":[{"embeddable":true,"href":"https:\/\/www.fotonavia.com\/index.php?rest_route=\/wp\/v2\/users\/1"}],"replies":[{"embeddable":true,"href":"https:\/\/www.fotonavia.com\/index.php?rest_route=%2Fwp%2Fv2%2Fcomments&post=1573"}],"version-history":[{"count":4,"href":"https:\/\/www.fotonavia.com\/index.php?rest_route=\/wp\/v2\/pages\/1573\/revisions"}],"predecessor-version":[{"id":1807,"href":"https:\/\/www.fotonavia.com\/index.php?rest_route=\/wp\/v2\/pages\/1573\/revisions\/1807"}],"up":[{"embeddable":true,"href":"https:\/\/www.fotonavia.com\/index.php?rest_route=\/wp\/v2\/pages\/95"}],"wp:attachment":[{"href":"https:\/\/www.fotonavia.com\/index.php?rest_route=%2Fwp%2Fv2%2Fmedia&parent=1573"}],"curies":[{"name":"wp","href":"https:\/\/api.w.org\/{rel}","templated":true}]}}