{"id":3354,"date":"2020-01-12T17:58:43","date_gmt":"2020-01-12T15:58:43","guid":{"rendered":"http:\/\/www.fotonavia.com\/?page_id=3354"},"modified":"2020-01-12T21:56:40","modified_gmt":"2020-01-12T19:56:40","slug":"asociacion-fotonavia-2","status":"publish","type":"page","link":"https:\/\/www.fotonavia.com\/?page_id=3354","title":{"rendered":"Asociaci\u00f3n FOTONAVIA"},"content":{"rendered":"<p>ENLACES DE INTER\u00c9S:&nbsp; <a href=\"https:\/\/www.fotonavia.com\/?page_id=3342\">ESTATUTOS<\/a>&nbsp; &nbsp;<a href=\"https:\/\/www.fotonavia.com\/?page_id=6\">CONTACTO<\/a>&nbsp; &nbsp;<a href=\"http:\/\/foro.fotonavia.com\/\">FORO<\/a>&nbsp; &nbsp;<a href=\"http:\/\/galeria.fotonavia.com\/\">GALER\u00cdA<\/a>&nbsp; &nbsp;<a href=\"http:\/\/www.facebook.com\/fotonavia\">FACEBOOK<\/a><\/p>\n<p><img loading=\"lazy\" decoding=\"async\" class=\" wp-image-3343 aligncenter\" src=\"https:\/\/www.fotonavia.com\/wp-content\/uploads\/2020\/01\/LOGO2020-e1578838834297.png\" alt=\"\" width=\"559\" height=\"191\"><\/p>\n<p>&nbsp;<\/p>\n<p>Desde su nacimiento, all\u00e1 por el a\u00f1o 2007, esta gran familia que formamos todos los \u201cfotonaviegos\u201d ha ido creciendo, creemos que ha llegado el momento de dar un paso m\u00e1s en este camino que hemos emprendido, con la idea de seguir disfrutando todos juntos de esta afici\u00f3n que tanto nos gusta y tan buenos ratos nos hace pasar y, basado en ello, queremos anunciarte que se ha constituido de manera oficial la Asociaci\u00f3n Fotogr\u00e1fica <b><u>Fotonavia.<\/u><\/b><\/p>\n<p>Algunos de los fotonaviegos que llev\u00e1bamos un tiempo sopesando esta posibilidad, hemos formado una Directiva y hemos dado este paso que nos abre las puertas a algunas actividades que de otra forma nos estaban vetadas.<\/p>\n<p>La primera junta directiva queda formada el pasado verano de 2019, con el prop\u00f3sito de empezar la nueva d\u00e9cada con una singladura cargada de ilusi\u00f3n y proyectos.<\/p>\n<p style=\"padding-left: 120px;\"><span class=\"fontstyle0\">PRESIDENTE: <\/span><span class=\"fontstyle2\">Francisco Javier Freitas Arias<\/span><span class=\"fontstyle4\"><br \/>\n<\/span><span class=\"fontstyle0\">VICEPRESIDENTE: <\/span><span class=\"fontstyle2\">Manuel Alvarez Rodr\u00edguez<br \/>\n<\/span><span class=\"fontstyle0\">TESORERO: <\/span><span class=\"fontstyle2\">Jos\u00e9 Luis Llano Murias<br \/>\n<\/span><span class=\"fontstyle0\">SECRETARIO: <\/span><span class=\"fontstyle2\">Jos\u00e9 Manuel Lebredo Fern\u00e1ndez<br \/>\n<\/span><span class=\"fontstyle0\">VOCAL: <\/span><span class=\"fontstyle2\">Fely Su\u00e1rez M\u00e9ndez<br \/>\n<\/span><span class=\"fontstyle0\">VOCAL: <\/span><span class=\"fontstyle2\">Jos\u00e9 \u00c1ngel Ni\u00f1o Mart\u00ednez<\/span><\/p>\n<p><img loading=\"lazy\" decoding=\"async\" class=\"size-full wp-image-3355 aligncenter\" src=\"https:\/\/www.fotonavia.com\/wp-content\/uploads\/2020\/01\/JFA6209-scaled-e1578843660426.jpg\" alt=\"\" width=\"600\" height=\"400\"><\/p>\n<p>Queremos compartir con nuestros socios y simpatizantes nuestras andanzas, salidas fotogr\u00e1ficas, cursos de iniciaci\u00f3n y avanzados, charlas de algunos de los mejores fot\u00f3grafos del pa\u00eds, exposiciones y muchas m\u00e1s actividades. CONTAMOS CON VOSOTROS<\/p>\n<p style=\"font-weight: 400;\">Un abrazo.<\/p>\n<p style=\"text-align: right;\"><strong>Junta Directiva&nbsp;<\/strong><\/p>\n<h3 style=\"text-align: right;\"><strong>FOTONAVIA<\/strong><\/h3>\n<p style=\"text-align: right;\">Edificio de usos M\u00faltiples del Ayto. de&nbsp;Navia<\/p>\n<p style=\"text-align: right;\">C\/Antonio&nbsp;Fern\u00e1ndez&nbsp;Vallina n\u00ba6 &#8211; 2\u00aa Planta<\/p>\n<p style=\"text-align: right;\">33710-Navia (Asturias)<\/p>\n<p style=\"text-align: right;\"><u><a href=\"mailto:fotonavia@gmail.com\">fotonavia@gmail.com<\/a><\/u><\/p>\n","protected":false},"excerpt":{"rendered":"<p>ENLACES DE INTER\u00c9S:&nbsp; ESTATUTOS&nbsp; &nbsp;CONTACTO&nbsp; &nbsp;FORO&nbsp; &nbsp;GALER\u00cdA&nbsp; &nbsp;FACEBOOK &nbsp; Desde su nacimiento, all\u00e1 por el a\u00f1o 2007, esta gran familia que formamos todos los \u201cfotonaviegos\u201d ha ido creciendo, creemos que ha llegado el momento de dar un paso m\u00e1s en este camino que hemos emprendido, con la idea de seguir disfrutando todos juntos de esta [&hellip;]<\/p>\n","protected":false},"author":1,"featured_media":0,"parent":0,"menu_order":8,"comment_status":"closed","ping_status":"closed","template":"","meta":{"footnotes":""},"class_list":["post-3354","page","type-page","status-publish","hentry"],"_links":{"self":[{"href":"https:\/\/www.fotonavia.com\/index.php?rest_route=\/wp\/v2\/pages\/3354","targetHints":{"allow":["GET"]}}],"collection":[{"href":"https:\/\/www.fotonavia.com\/index.php?rest_route=\/wp\/v2\/pages"}],"about":[{"href":"https:\/\/www.fotonavia.com\/index.php?rest_route=\/wp\/v2\/types\/page"}],"author":[{"embeddable":true,"href":"https:\/\/www.fotonavia.com\/index.php?rest_route=\/wp\/v2\/users\/1"}],"replies":[{"embeddable":true,"href":"https:\/\/www.fotonavia.com\/index.php?rest_route=%2Fwp%2Fv2%2Fcomments&post=3354"}],"version-history":[{"count":6,"href":"https:\/\/www.fotonavia.com\/index.php?rest_route=\/wp\/v2\/pages\/3354\/revisions"}],"predecessor-version":[{"id":3362,"href":"https:\/\/www.fotonavia.com\/index.php?rest_route=\/wp\/v2\/pages\/3354\/revisions\/3362"}],"wp:attachment":[{"href":"https:\/\/www.fotonavia.com\/index.php?rest_route=%2Fwp%2Fv2%2Fmedia&parent=3354"}],"curies":[{"name":"wp","href":"https:\/\/api.w.org\/{rel}","templated":true}]}}