{"id":369,"date":"2010-01-03T09:57:19","date_gmt":"2010-01-03T08:57:19","guid":{"rendered":"http:\/\/s299004171.mialojamiento.es\/Fotonavia\/?page_id=369"},"modified":"2010-01-03T09:57:19","modified_gmt":"2010-01-03T08:57:19","slug":"tipos-de-objetivos","status":"publish","type":"page","link":"https:\/\/www.fotonavia.com\/?page_id=369","title":{"rendered":"Tipos de objetivos"},"content":{"rendered":"<h2 style=\"text-align: center;\">Tipos de objetivos<\/h2>\n<p style=\"text-align: center;\">\u00a0<\/p>\n<p>En este articulo trataremos de aclarar las dudas que la mayor\u00eda de los reci\u00e9n llegados a la fotograf\u00eda (y de algunos que ya llevamos tiempo&#8230; je jeje) tenemos cuando buscamos un objetivo que cumpla nuestros deseos. Empezaremos comentando un poco los complicados nombres de los objetivos.<\/p>\n<p>Los objetivos\u00a0generalmente tienen una serie de datos\u00a0grabados en\u00a0el exterior\u00a0de su carcasa que sirven para saber mucho sobre ellos.<\/p>\n<p>Lo primero que debemos observar es la <strong>Distancia<\/strong><strong> focal<\/strong> expresada en mil\u00edmetros, que nos servir\u00e1 para saber el \u00e1ngulo de visi\u00f3n del mismo, no os preocup\u00e9is que mas abajo lo explicaremos de forma mas comprensible. En los objetivos zoom se expresa con un rango de valores indicando la distancia focal m\u00ednima y la\u00a0m\u00e1xima, es decir, si vemos que pone 85 mm. es que se trata de un objetivo fijo de 85 mm.\u00a0 (f\u00e1cil \u00bfeh?) y si pone 70\/210 mm. significa que es un objetivo zoom que dispone de todas las focales comprendidas en ese rango, y seleccionables mediante el simple giro o desplazamiento de un aro del objetivo.<\/p>\n<p><strong>La luminosidad<\/strong> es otro dato a tener en cuenta, \u00a0indica\u00a0su mayor apertura del diafragma, es decir el <strong><em>numero f<\/em><\/strong> mas peque\u00f1o al que es capaz de llegar el objetivo en su posici\u00f3n de mayor apertura, pod\u00e9is aclarar este concepto visitando un capitulo de nuestro curso de fotograf\u00eda dedicado expresamente a <a href=\"http:\/\/s299004171.mialojamiento.es\/Fotonavia\/?page_id=134\">el diafragma<\/a>.<\/p>\n<p>El resto de datos que suelen indicar se refieren a la <strong>Marca<\/strong> del fabricante, el <strong>Di\u00e1metro de filtro<\/strong> mediante el\u00a0s\u00edmbolo (<strong>\u00d8<\/strong>),\u00a0 al <strong>Tratamiento de las Lentes<\/strong>, mediante \u00a0palabras como \u00abcoated\u00bb\u00a0\u00f3 \u00abmulticoated\u00bb, a la <strong>Correcci\u00f3n<\/strong><strong> de aberraciones \u00f3pticas <\/strong>con expresiones como \u00a0\u00abaspheric\u00bb y \u00abapochromatic\u00bb, etc en este articulo descifraremos la mayor\u00eda de esas siglas misteriosas\u00a0para descifrar su significado.<\/p>\n<p>Menci\u00f3n especial merece el <em><strong>N\u00famero de serie de fabricaci\u00f3n, <\/strong><\/em>muy\u00a0\u00a0importante\u00a0tener apuntado\u00a0este dato para que en\u00a0caso de robo poder hacer la denuncia a la Polic\u00eda.<\/p>\n<p>Veamos ahora los significados de las siglas de los objetivos.<\/p>\n<h2>Objetivos normales:<\/h2>\n<p>Se denominan as\u00ed a aquellos objetivos que tienen un \u00a0\u00e1ngulo de visi\u00f3n de entre\u00a043\u00ba y 56\u00ba\u00a0 aproximadamente, muy similar\u00a0a la visi\u00f3n del ojo humano, por ese motivo su utilidad principal se centra en la representaci\u00f3n de escenas que nos resultan muy naturales ya que sus encuadres son tambi\u00e9n muy similares a\u00a0todo lo que estamos acostumbrados a ver con\u00a0nuestros propios ojos. Su profundidad de campo es moderada. No suelen tener\u00a0distorsi\u00f3n de imagen, cosa m\u00e1s habitual \u00a0en los angulares y suelen tener\u00a0una gran luminosidad. La distancia focal de estos objetivos se corresponde en c\u00e1maras r\u00e9flex de 35 mm a la franja entre los 40 y 55 mm.<\/p>\n<h2>Objetivos angulares y gran angulares:<\/h2>\n<p>Son aquellos objetivos cuyo \u00e1ngulo de visi\u00f3n es mayor al del objetivo normal (generalmente entre 60 y 150\u00ba). Se utilizar\u00e1n para los planos generales donde nos sea necesario abarcar un gran \u00e1ngulo de visi\u00f3n. Su caracter\u00edstica principal es que proporcionan gran profundidad de campo. A veces pueden distorsionar la imagen haciendo curvas las l\u00edneas rectas. En 35 mm, la distancia focal de estos objetivos var\u00eda de los 10 o 12 mm.\u00a0\u00a0y los 35 mm.\u00a0 aproximadamente. Con ellos, los objetos cercanos a la c\u00e1mara\u00a0se ven\u00a0m\u00e1s grandes\u00a0de lo normal y \u00a0los objetos m\u00e1s alejados\u00a0mucho mas peque\u00f1os\u00a0a\u00f1adiendo a las im\u00e1genes\u00a0una\u00a0gran sensaci\u00f3n de \u00a0perspectiva, mayor aun cuanto m\u00e1s se\u00a0alejan\u00a0del eje \u00f3ptico.<\/p>\n<h2>Objetivos \u00abojo de pez\u00bb:<\/h2>\n<p>Son\u00a0aquellos objetivos cuyo \u00e1ngulo de visi\u00f3n es extremadamente grande, mas que un gran angular, comprende \u00a0de 180 grados o m\u00e1s, \u00a0se\u00a0efecto se parece\u00a0a una imagen reflejada en una esfera.\u00a0 La lente frontal de estos objetivos Suele ser muy grande y de forma semiesf\u00e9rica como el \u00abojo de un pez\u00bb.<\/p>\n<h2>Teleobjetivos:<\/h2>\n<p>El teleobjetivo tiene un nombre que lo define perfectamente, ya que \u00abtele\u00bb significa \u00abdistancia\u00bb por lo que un teleobjetivo es aquel destinado a hacer fotos a distancia&#8230; tienen un\u00a0 \u00e1ngulo de visi\u00f3n es menor que el del objetivo normal (por lo general menor de 30\u00ba), \u00a0motivo por el cual permiten acercar objetos situados a grandes distancias, as\u00ed consiguen aumentar el tama\u00f1o de las im\u00e1genes respecto al objeto real,\u00a0 su profundidad de campo es muy reducida. En c\u00e1maras de 35 mm. las focales de los teleobjetivos\u00a0van de los 80 mm en adelante.<\/p>\n<p>A los\u00a0teleobjetivos se les puede acoplar un <strong>duplicador o convertidor <\/strong>de focal, que se utilizan intercalados entre el cuerpo de la c\u00e1mara y el objetivo\u00a0 para modificar la distancia focal del objetivo, multiplic\u00e1ndola por el factor de dicho <strong>duplicador<\/strong> o <strong>convertidor<\/strong> as\u00ed pues un convertidor 2X, unido a un teleobjetivo de 200 mm, lo convierte en un objetivo de 400 mm.\u00a0 si el factor del duplicador es de 1,4x la focal de ese mismo objetivo ser\u00eda de 280mm. evidentemente debido a los elevados precios de las lentes de una distancia focal muy grande, estos <strong>duplicadores<\/strong> o <strong>convertidores <\/strong>de focal\u00a0se utilizan habitualmente para aumentar la focal de forma econ\u00f3mica, pero como en la vida misma, no todo son ventajas, tambi\u00e9n hay alg\u00fan inconveniente ya que disminuyen algo la velocidad de enfoque, la calidad y luminosidad de la imagen.<\/p>\n<h2>Objetivos zoom:<\/h2>\n<p>Son objetivos de distancia focal variable, son muy utilizados por su comodidad, versatilidad\u00a0y portabilidad ya que evitan el cambio de objetivos\u00a0 continuamente para adaptarnos a la escena que queremos fotografiar. Debido a su construcci\u00f3n \u00a0y\u00a0a\u00a0excepci\u00f3n de los de gama alta, suelen ser menos luminosos que los objetivos equivalentes de focal fija y con una calidad menor en la mayor\u00eda de las ocasiones.<\/p>\n<h2>Objetivos macro:<\/h2>\n<p>Permiten el enfoque a muy corta distancia por lo cual son los mas indicados para ser utilizados para fotografiar objetos muy peque\u00f1os situados a poca distancia de la lente.<\/p>\n<h2>Otros objetivos:<\/h2>\n<p>A parte de estas clasificaciones principales, hay muchas mas&#8230; se podr\u00eda hablar de objetivos de enfoque manual o autofocus, dentro de los autofocus los hay motorizados o movidos por la c\u00e1mara.<\/p>\n<p>Tambien hay objetivos especiales para fotograf\u00eda de arquitectura con lentes desplazables para corregir las deformaciones,\u00a0los hay especiales para medicina que vienen a ser mas o menos como un objetivo macro con un flash anular incorporado, los hay preparados para fotograf\u00eda submarina totalmente estancos&#8230; etc&#8230;<\/p>\n<h4 style=\"text-align: center;\"><a href=\"http:\/\/s299004171.mialojamiento.es\/Fotonavia\/?page_id=303\">VOLVER A DATOS \u00daTILES<\/a><\/h4>\n","protected":false},"excerpt":{"rendered":"<p>Tipos de objetivos \u00a0 En este articulo trataremos de aclarar las dudas que la mayor\u00eda de los reci\u00e9n llegados a la fotograf\u00eda (y de algunos que ya llevamos tiempo&#8230; je jeje) tenemos cuando buscamos un objetivo que cumpla nuestros deseos. Empezaremos comentando un poco los complicados nombres de los objetivos. Los objetivos\u00a0generalmente tienen una serie [&hellip;]<\/p>\n","protected":false},"author":1,"featured_media":0,"parent":303,"menu_order":0,"comment_status":"closed","ping_status":"closed","template":"","meta":{"footnotes":""},"class_list":["post-369","page","type-page","status-publish","hentry"],"_links":{"self":[{"href":"https:\/\/www.fotonavia.com\/index.php?rest_route=\/wp\/v2\/pages\/369","targetHints":{"allow":["GET"]}}],"collection":[{"href":"https:\/\/www.fotonavia.com\/index.php?rest_route=\/wp\/v2\/pages"}],"about":[{"href":"https:\/\/www.fotonavia.com\/index.php?rest_route=\/wp\/v2\/types\/page"}],"author":[{"embeddable":true,"href":"https:\/\/www.fotonavia.com\/index.php?rest_route=\/wp\/v2\/users\/1"}],"replies":[{"embeddable":true,"href":"https:\/\/www.fotonavia.com\/index.php?rest_route=%2Fwp%2Fv2%2Fcomments&post=369"}],"version-history":[{"count":0,"href":"https:\/\/www.fotonavia.com\/index.php?rest_route=\/wp\/v2\/pages\/369\/revisions"}],"up":[{"embeddable":true,"href":"https:\/\/www.fotonavia.com\/index.php?rest_route=\/wp\/v2\/pages\/303"}],"wp:attachment":[{"href":"https:\/\/www.fotonavia.com\/index.php?rest_route=%2Fwp%2Fv2%2Fmedia&parent=369"}],"curies":[{"name":"wp","href":"https:\/\/api.w.org\/{rel}","templated":true}]}}