{"id":95,"date":"2009-10-05T18:11:45","date_gmt":"2009-10-05T16:11:45","guid":{"rendered":"http:\/\/s299004171.mialojamiento.es\/Fotonavia\/?page_id=95"},"modified":"2013-12-15T14:39:39","modified_gmt":"2013-12-15T13:39:39","slug":"trucos-y-tutoriales","status":"publish","type":"page","link":"https:\/\/www.fotonavia.com\/?page_id=95","title":{"rendered":"Trucos"},"content":{"rendered":"<h1 style=\"text-align: center;\">Trucos y Tutoriales<\/h1>\n<p>&nbsp;<\/p>\n<p>En esta secci\u00f3n trataremos de explicar de una forma muy sencilla y al alcance de todos, algunos de los trucos, t\u00e9cnicas y tutoriales con m\u00e1s utilidad a la hora de enfrentarnos con errores\u00a0\u00f3 situaciones complicadas a la hora de\u00a0hacer\u00a0y\/o procesar im\u00e1genes.<\/p>\n<p>Dividiremos por ello la secci\u00f3n en varias subsecciones, ya que con el tiempo nuestra intenci\u00f3n es acumular toda la informaci\u00f3n necesaria para poder enfrentarnos a cualquier situaci\u00f3n y salir airosos de ella, por lo tanto es importante ofrecer de una forma ordenada y sencilla todos estos trucos y tutoriales que iremos poniendo a vuestra disposici\u00f3n.<\/p>\n<p>Quiero aclarar que las im\u00e1genes mostradas en los ejemplos, son exclusivamente tratadas con fines pedag\u00f3gicos, y con la \u00fanica intenci\u00f3n de facilitar la comprensi\u00f3n de los tutoriales, estoy seguro que con un m\u00ednimo de esfuerzo los resultados de los ajustes explicados en dichos tutoriales son muy mejorables, en algunos casos incluso he exagerado dichos ajustes para que los efectos se apreciasen de una forma mas clara, tambi\u00e9n dir\u00e9 que cada uno tiene sus gustos y sus preferencias, y es muy probable que algunos de estos tutoriales puedan parecer superfluos o in\u00fatiles a determinados fot\u00f3grafos, pero mi experiencia me ha confirmado en mas de una ocasi\u00f3n, que hay mucha gente a la que le son de gran utilidad para solucionar sus dudas y animarlos a seguir disfrutando de esta nuestra preciosa afici\u00f3n&#8230;. LA FOTOGRAF\u00cdA DIGITAL.<\/p>\n<p><strong>AJUSTES EN PHOTOSHOP<\/strong><\/p>\n<p style=\"padding-left: 60px;\"><a href=\"https:\/\/www.fotonavia.com\/?page_id=199\"><em>Ajustar niveles<\/em><\/a>\u00a0<em>\u00abJavifreitas\u00bb<\/em><\/p>\n<p style=\"padding-left: 60px;\"><em><a href=\"https:\/\/www.fotonavia.com\/?page_id=494\">Enfoque r\u00e1pido en Photoshop para subir a Web<\/a>\u00a0\u00abRupeltinsky\u00bb<\/em><\/p>\n<p style=\"padding-left: 60px;\"><em><a href=\"https:\/\/www.fotonavia.com\/?page_id=1452\">Colores m\u00e1s vivos<\/a> \u00abJavifreitas\u00bb<\/em><\/p>\n<p style=\"padding-left: 60px;\"><em><a href=\"https:\/\/www.fotonavia.com\/?page_id=1481\">M\u00e9todo para reducir el contraste<\/a> \u00abJavifreitas\u00bb<\/em><\/p>\n<p style=\"text-align: left;\"><strong>BLANCO Y NEGRO<\/strong><\/p>\n<p style=\"text-align: left; padding-left: 60px;\"><a href=\"https:\/\/www.fotonavia.com\/?page_id=538\"><em>M\u00e9todos<\/em><em> b\u00e1sicos de conversi\u00f3n a Blanco y Negro<\/em><\/a>\u00a0<em>\u00abJavifreitas\u00bb<\/em><\/p>\n<p style=\"text-align: left; padding-left: 60px;\"><em><a href=\"https:\/\/www.fotonavia.com\/?page_id=873\" target=\"_self\">B y N por el m\u00e9todo del mezclador de canales<\/a>\u00a0<em>\u00abJavifreitas\u00bb<\/em><\/em><\/p>\n<p style=\"text-align: left; padding-left: 60px;\"><em><a href=\"https:\/\/www.fotonavia.com\/?page_id=834\">Virajes de Fotograf\u00edas en Blanco y Negro<\/a>\u00a0<em>\u00abJavifreitas\u00bb<\/em><\/em><\/p>\n<p><strong>T\u00c9CNICAS FOTOGR\u00c1FICAS<\/strong><\/p>\n<p style=\"text-align: left; padding-left: 60px;\"><a href=\"https:\/\/www.fotonavia.com\/?page_id=1296\" target=\"_self\"><em>El Retrato<\/em><\/a>\u00a0<em>\u00abJulioLM\u00bb<\/em><\/p>\n<p style=\"text-align: left; padding-left: 60px;\"><a href=\"https:\/\/www.fotonavia.com\/?page_id=890\" target=\"_self\"><em>Fotograf\u00eda nocturna, consejos pr\u00e1cticos<\/em><\/a>\u00a0<em>\u00abJavifreitas\u00bb<\/em><\/p>\n<p style=\"text-align: left; padding-left: 60px;\"><a href=\"https:\/\/www.fotonavia.com\/?page_id=1573\" target=\"_self\"><em>Tutorial sobre el \u00abefecto seda\u00bb y Fotograf\u00eda de agua<\/em><\/a> <em>\u00abHackenbush\u00bb<\/em><\/p>\n<p><strong>T\u00c9CNICAS DE PROCESADOS ARTISTICOS<\/strong><\/p>\n<p style=\"padding-left: 60px;\"><a href=\"https:\/\/www.fotonavia.com\/?page_id=909\" target=\"_self\"><em>Fotograf\u00eda envejecida\u00a0mediante aplicacion de texturas<\/em><\/a>\u00a0<em>\u00abJLuis\u00bb<\/em><\/p>\n<p style=\"padding-left: 60px;\">\u00a0<em><a href=\"https:\/\/www.fotonavia.com\/?page_id=1891 \">Dividir Tonos en Camera Raw<\/a>\u00a0 \u00abJuanfran\u00bb<\/em><\/p>\n<address style=\"text-align: left;\">\u00a0<\/address>\n<address>\u00a0<\/address>\n<address style=\"text-align: left;\">Nota.: Quiero aclarar una vez m\u00e1s, que \u00a0algunas (muy pocas) de las im\u00e1genes mostradas en esta Web, han sido encontradas en la red a trav\u00e9s de buscadores de im\u00e1genes libres en Internet, sin saber\u00a0por\u00a0ello\u00a0su procedencia, queremos desde aqu\u00ed agradecer a sus autores, su generosidad al compartir sus im\u00e1genes y\u00a0con ellas\u00a0sus conocimientos con todo el mundo, al igual que hacemos nosotros.<\/address>\n","protected":false},"excerpt":{"rendered":"<p>Trucos y Tutoriales &nbsp; En esta secci\u00f3n trataremos de explicar de una forma muy sencilla y al alcance de todos, algunos de los trucos, t\u00e9cnicas y tutoriales con m\u00e1s utilidad a la hora de enfrentarnos con errores\u00a0\u00f3 situaciones complicadas a la hora de\u00a0hacer\u00a0y\/o procesar im\u00e1genes. Dividiremos por ello la secci\u00f3n en varias subsecciones, ya que [&hellip;]<\/p>\n","protected":false},"author":1,"featured_media":0,"parent":0,"menu_order":3,"comment_status":"open","ping_status":"closed","template":"","meta":{"footnotes":""},"class_list":["post-95","page","type-page","status-publish","hentry"],"_links":{"self":[{"href":"https:\/\/www.fotonavia.com\/index.php?rest_route=\/wp\/v2\/pages\/95","targetHints":{"allow":["GET"]}}],"collection":[{"href":"https:\/\/www.fotonavia.com\/index.php?rest_route=\/wp\/v2\/pages"}],"about":[{"href":"https:\/\/www.fotonavia.com\/index.php?rest_route=\/wp\/v2\/types\/page"}],"author":[{"embeddable":true,"href":"https:\/\/www.fotonavia.com\/index.php?rest_route=\/wp\/v2\/users\/1"}],"replies":[{"embeddable":true,"href":"https:\/\/www.fotonavia.com\/index.php?rest_route=%2Fwp%2Fv2%2Fcomments&post=95"}],"version-history":[{"count":6,"href":"https:\/\/www.fotonavia.com\/index.php?rest_route=\/wp\/v2\/pages\/95\/revisions"}],"predecessor-version":[{"id":2235,"href":"https:\/\/www.fotonavia.com\/index.php?rest_route=\/wp\/v2\/pages\/95\/revisions\/2235"}],"wp:attachment":[{"href":"https:\/\/www.fotonavia.com\/index.php?rest_route=%2Fwp%2Fv2%2Fmedia&parent=95"}],"curies":[{"name":"wp","href":"https:\/\/api.w.org\/{rel}","templated":true}]}}